f 10648639?
461, 23099
What are the prime factors of 167134?
2, 11, 71, 107
What are the prime factors of 55647?
3, 229
What are the prime factors of 266585?
5, 11, 37, 131
List the prime factors of 13136743.
2687, 4889
List the prime factors of 905272.
2, 113159
What are the prime factors of 162513?
3, 13, 463
What are the prime factors of 2817649?
2817649
What are the prime factors of 16710768?
2, 3, 116047
What are the prime factors of 46089?
3, 569
What are the prime factors of 241021?
11, 21911
List the prime factors of 50446.
2, 11, 2293
List the prime factors of 76641.
3, 59, 433
What are the prime factors of 36827?
7, 5261
What are the prime factors of 111354?
2, 3, 67, 277
What are the prime factors of 2254153?
11, 204923
What are the prime factors of 17427060?
2, 3, 5, 7, 13831
What are the prime factors of 70961?
11, 6451
What are the prime factors of 2911265?
5, 7, 223, 373
What are the prime factors of 84740?
2, 5, 19, 223
What are the prime factors of 35849280?
2, 3, 5, 107, 349
What are the prime factors of 414773?
414773
List the prime factors of 853924.
2, 213481
What are the prime factors of 16973570?
2, 5, 1697357
List the prime factors of 323959.
29, 11171
List the prime factors of 275110.
2, 5, 11, 41, 61
What are the prime factors of 249991?
7, 71, 503
List the prime factors of 804604.
2, 201151
List the prime factors of 87677.
43, 2039
List the prime factors of 6115313.
6115313
List the prime factors of 4913045.
5, 37, 26557
List the prime factors of 1395895.
5, 279179
What are the prime factors of 258622?
2, 7, 13, 29
List the prime factors of 5886509.
113, 461
List the prime factors of 815783.
353, 2311
What are the prime factors of 299700?
2, 3, 5, 37
What are the prime factors of 11417546?
2, 7, 815539
List the prime factors of 562337.
562337
List the prime factors of 4439365.
5, 7, 126839
What are the prime factors of 481312?
2, 13, 89
List the prime factors of 306965.
5, 29, 73
What are the prime factors of 7926696?
2, 3, 89, 1237
What are the prime factors of 112407?
3, 89, 421
What are the prime factors of 186979?
13, 19, 757
What are the prime factors of 9975069?
3, 13, 9473
List the prime factors of 491997.
3, 11, 17, 877
What are the prime factors of 231311?
23, 89, 113
List the prime factors of 498158.
2, 249079
What are the prime factors of 1180246?
2, 590123
What are the prime factors of 2131158?
2, 3, 355193
List the prime factors of 30243482.
2, 23, 179, 3673
List the prime factors of 42289.
13, 3253
List the prime factors of 652090.
2, 5, 61, 1069
What are the prime factors of 1397813?
41, 103, 331
List the prime factors of 15802578.
2, 3, 11, 79811
What are the prime factors of 8057639?
8057639
What are the prime factors of 1942265?
5, 13, 29881
What are the prime factors of 1400379?
3, 577, 809
What are the prime factors of 128326?
2, 11, 19, 307
What are the prime factors of 966564?
2, 3, 26849
List the prime factors of 127381.
17, 59, 127
List the prime factors of 22669209.
3, 83, 30347
List the prime factors of 136826.
2, 37, 43
List the prime factors of 1626956.
2, 406739
What are the prime factors of 82094?
2, 41047
List the prime factors of 33045.
3, 5, 2203
List the prime factors of 135401.
7, 23, 29
List the prime factors of 201218.
2, 100609
List the prime factors of 19642039.
167, 117617
List the prime factors of 33426003.
3, 13, 65929
List the prime factors of 961545.
3, 5, 13, 4931
What are the prime factors of 2161428?
2, 3, 29, 6211
List the prime factors of 1221247.
1221247
List the prime factors of 2429763.
3, 7, 16529
What are the prime factors of 726724?
2, 97, 1873
What are the prime factors of 21095690?
2, 5, 7, 11, 27397
List the prime factors of 10186584.
2, 3, 19, 89, 251
List the prime factors of 9324705.
3, 5, 13, 47819
What are the prime factors of 1463272?
2, 317, 577
What are the prime factors of 3906915?
3, 5, 260461
List the prime factors of 18579495.
3, 5, 11, 112603
What are the prime factors of 1053339?
3, 7, 50159
List the prime factors of 913914.
2, 3, 50773
List the prime factors of 1046060.
2, 5, 193, 271
What are the prime factors of 3099027?
3, 29, 179, 199
List the prime factors of 1960367.
691, 2837
List the prime factors of 1525277.
13, 117329
What are the prime factors of 26261873?
11, 197, 12119
List the prime factors of 64725.
3, 5, 863
List the prime factors of 2630968.
2, 19, 911
What are the prime factors of 12679600?
2, 5, 31699
List the prime factors of 126681.
3, 42227
List the prime factors of 6403904.
2, 13, 43, 179
List the prime factors of 68232.
2, 3, 2843
List the prime factors of 98120.
2, 5, 11, 223
What are the prime factors of 4720773?
3, 23, 31, 2207
List the prime factors of 205445.
5, 17, 2417
What are the prime factors of 4152237?
3, 1384079
List the prime factors of 296835.
3, 5, 7, 11, 257
What are the prime factors of 340075?
5, 61, 223
What are the prime factors of 639406?
2, 31, 10313
List the prime factors of 1410449.
1410449
What are the prime factors of 12674?
2, 6337
List the prime factors of 4172110.
2, 5, 421, 991
What are the prime factors of 36649081?
7, 19, 14503
What are the prime factors of 555411?
3, 185137
What are the prime factors of 414057?
3, 7, 19717
What are the prime factors of 6158596?
2, 1539649
What are the prime factors of 18821?
11, 29, 59
List the prime factors of 397406.
2, 43, 4621
List the prime factors of 1129443.
3, 7, 53783
What are the prime factors of 8413178?
2, 503, 8363
What are the prime factors of 18149452?
2, 61, 74383
What are the prime factors of 26782153?
19, 1409587
What are the prime factors of 11748520?
2, 5, 7, 41959
What are the prime factors of 5824192?
2, 11, 8273
List the prime factors of 1089839.
53, 20563
What are the prime factors of 655047?
3, 8087
What are the prime factors of 2616967?
113, 23159
What are the prime factors of 4813102?
2, 7, 59, 5827
What are the prime factors of 1027116?
2, 3, 103, 277
List the prime factors of 202273.
67, 3019
List the prime factors of 196498.
2, 19, 5171
What are the prime factors of 649203?
3, 216401
What are the prime factors of 22545648?
2, 3, 52189
List the prime factors of 2973033.
3, 7, 41, 1151
What are the prime factors of 22411?
73, 307
List the prime factors of 572306.
2, 7, 40879
What are the prime factors of 980459?
980459
What are the prime factors of 227401?
23, 9887
List the prime factors of 12380922.
2, 3, 687829
List the prime factors of 4557533.
4557533
What are the prime factors of 5569627?
7, 795661
List the prime factors of 495566.
2, 31, 7993
List the prime factors of 222685.
5, 44537
What are the prime factors of 2804067?
3, 7, 47, 947
List the prime factors of 554593.
13, 37, 1153
What are the prime factors of 151530?
2, 3, 5, 5051
List the prime factors of 553008.
2, 3, 41, 281
List the prime factors of 1991304.
2, 3, 7, 439
List the prime factors of 1126338.
2, 3, 131, 1433
What are the prime factors of 2367968?
2, 73999
List the prime factors of 549768.
2, 3, 22907
List the prime factors of 8079602.
2, 4039801
What are the prime factors of 4054276?
2, 1013569
List the prime factors of 400915.
5, 181, 443
What are the prime factors of 202839?
3, 7, 13, 743
What are the prime factors of 32097?
3, 13, 823
What are the prime factors of 2481?
3, 827
What are the prime factors of 39141710?
2, 5, 19, 206009
List the prime factors of 15629812.
2, 11, 43, 751
What are the prime factors of 4150874?
2, 7, 13, 22807
What are the prime factors of 2909164?
2, 29, 31, 809
List the prime factors of 97727.
7, 23, 607
List the prime factors of 121239.
3, 19, 709
What are the prime factors of 358024?
2, 44753
List the prime factors of 116360.
2, 5, 2909
List the prime factors of 484216.
2, 60527
What are the prime factors of 20777922?
2, 3, 11, 101, 1039
What are the prime factors of 699907?
13, 17, 3167
List the prime factors of 50812.
2, 12703
What are the prime factors of 29879429?
59, 107, 4733
List the prime factors of 181361.
181361
List the prime factors of 156525.
3, 5, 2087
What are the prime factors of 185950?
2, 5, 3719
List the prime factors of 25607736.
2, 3, 7, 11, 31, 149
List the prime factors of 3364447.
37, 90931
List the prime factors of 1907537.
89, 21433
What are the prime factors of 2533595?
5, 17, 41, 727
Li